et w(b) be the first derivative of o(b). Give w(-1).
7
Suppose -147 - 141 = -6*k. Let v be (-32)/6*k/32. Let r(j) = j**3 + 7*j**2 - 11*j - 8. Give r(v).
16
Suppose 3*h + 14 = -n, 0 = -4*h + 3 - 19. Let y(q) = 2*q + 1. Let k(j) = 6*j + 3. Let d(z) = 6*k(z) - 17*y(z). What is d(n)?
-3
Let r(p) = -p**2 - 11*p + 42. Let z be r(-14). Suppose 62*j - 58*j - 28 = z. Let b(x) = x + 1. Give b(j).
8
Let o(s) = -6*s**2 + 3. Let u(h) = -6*h**2 - h + 5. Let n(x) = 4*o(x) - 3*u(x). What is n(2)?
-21
Let k be -4*6/(-4) + -4. Suppose -d = -2, -q + 4*d = k*q + 2. Let c(h) = -h**2 + 4*h - 3. Determine c(q).
1
Let n be (5 - 1) + -12 + (2 - -5). Let h(x) = 19*x + 2. Determine h(n).
-17
Let y(f) = 2*f + 5. Suppose n - 3*q - q = 8, 2*n = q + 2. Suppose 0 = -n*o - 5*o - 30. Give y(o).
-7
Let t(b) be the first derivative of -b**2/2 - 10*b - 474. Calculate t(-6).
-4
Suppose -k + z = 0, 3*k + z = -0*z - 8. Let o be k/(-4)*(-3 + -5). Let m = 1 - o. Let y(x) = x**2 - 5*x + 2. Give y(m).
2
Let m(i) = i**2 - 2*i - 1. Suppose 8*a - 69 - 43 = 0. Let p = 17 - a. Give m(p).
2
Let r(v) be the third derivative of -v**4/8 - 23*v**3/6 + v**2 - 147. Determine r(-4).
-11
Let x(o) be the first derivative of 1/2*o**2 - 1/6*o**3 - 4*o + 3. Let l(r) be the first derivative of x(r). Calculate l(1).
0
Let g = 6 + -3. Suppose 15 + 0 = 5*w - g*f, w = -3*f + 3. Suppose w*y = -18 - 0. Let s(q) = -q. Give s(y).
6
Let k(z) = 5*z - 2*z**2 + 11455 + 4*z**2 - 11462. Calculate k(-7).
56
Let j(y) = 9*y - 25*y + 2 + 9*y + 10*y. Calculate j(-2).
-4
Let v(x) be the first derivative of 3*x**2/2 - x + 115. Suppose -5 = -n, -3 = -3*i + n + 4. Suppose 0 = 4*p + i. Calculate v(p).
-4
Let p(a) = -a + 0*a - 7 + 0 - 1. Let t be p(-4). Let o(k) = k**2 + 7*k + 6. Calculate o(t).
-6
Let z(y) be the second derivative of 5*y**4/12 - y**3/3 - 9*y**2/2 + 234*y. Determine z(-2).
15
Let b(m) = m**3 + 4*m**2 - 7. Let o be b(-3). Let s = o - 2. Let y(u) = s*u + 14 - u - u**2 - 12. Calculate y(2).
-4
Let v(n) = -n + 1. Let u be v(-2). Let j(l) = 5 - u*l**3 - 6 + 5*l**3 - 5*l**3. Suppose -2*a = 3*a - 4*z - 3, 1 = -5*a + 2*z. Calculate j(a).
2
Let x(q) = -q**3 + 12*q**2 - q + 14. Suppose -o = 2*c - 14 - 8, -30 = -3*c - 3*o. Give x(c).
2
Let w(a) = a - 2. Let u(d) be the third derivative of -d**4/12 + d**3/6 + 5*d**2. Let b(x) = 3*u(x) + 4*w(x). Suppose -4*j = -2*j + 10. Calculate b(j).
5
Let v(p) be the first derivative of p**4/4 - 4*p**3/3 + p**2/2 + 4*p + 66. Give v(3).
-2
Let k(h) be the third derivative of -2/3*h**3 + 0*h - 1/8*h**4 + 0 - 3*h**2 + 1/120*h**5. Let x(p) be the first derivative of k(p). What is x(4)?
1
Suppose 0 = 3*m - 8*m + v - 82, -5*m = -5*v + 90. Let g = m - -16. Let c(b) = 2*b**2 + b + 1. Let k be c(g). Let q(f) = 5*f**2 - f + 1. Calculate q(k).
5
Let q(h) = h**3 - h. Let p(a) = -a - 2. Let k(v) = -9*v - 15. Let r(o) = 4*k(o) - 33*p(o). Let x be r(2). Give q(x).
0
Let t(m) = -m**2 - 2*m + 10. Let y be 68/16 - 10/8. Let v be t(y). Let z(h) = h + 7. Give z(v).
2
Let b = -14 + 12. Let i(w) = 6*w**2 + 2*w. Determine i(b).
20
Let s(u) = 25*u - 19*u - 5*u - 4*u**2 + 8. What is s(-3)?
-31
Let v(t) be the first derivative of -t**4/4 - 3*t**3 + 13*t**2/2 + 2*t + 164. Determine v(-10).
-28
Suppose 9 = 3*x - b - 4*b, 0 = 3*x - b + 3. Let n be 22/(-44) + -7*x/4. Let j(t) = -4 + 2*t + t**3 - 3*t**2 + t**3 - 5*t. What is j(n)?
14
Let d(n) = -n**2 + 9*n + 4. Let v = 55 + -46. What is d(v)?
4
Let l be (-31)/(-10) + 11/(-110). Let z(i) = -i**3 - i**2 + 2. What is z(l)?
-34
Let m be 21 + (1*-4)/2. Let d = 10 - m. Let u = d - -6. Let b(y) = -4*y - 4. Give b(u).
8
Let a(p) = -2*p + 13. Let l(z) = 6*z - 26. Let b(n) = 5*a(n) + 2*l(n). Give b(-6).
1
Let z(s) = -s**3 + 6*s**2 + s - 4. Let m be z(6). Let v(k) = 7*k - k**3 + 6*k**2 - k**m - 10*k**2. Let t be (3/(-6))/(2 - 1)*12. What is v(t)?
-6
Let s be ((-3)/(-1))/(3 - 2). Let j(h) = h. Let q be j(3). Let r(p) = 4 - p + 4*p**s - 5*p**q - 4*p**3 + 4*p**3 + 5*p**2. Determine r(5).
-1
Let t(i) = i**2 + 2. Let y be t(-2). Let f(s) = 4*s - 10. Calculate f(y).
14
Let z(k) = k + 17. Let n be z(0). Suppose 5*m - n = 18. Let b(v) = 1 - 6 + v - 1 - 3. Determine b(m).
-2
Let q(y) be the third derivative of 1/60*y**5 + 0 + 0*y - 1/6*y**3 + 0*y**4 + 15*y**2. What is q(-2)?
3
Suppose -82*y = -67*y + 30. Let u(i) = -i**3 - 2*i**2 - 9*i - 4. Determine u(y).
14
Suppose -5*b + 3*b = 12. Let x = -4 - b. Let m(q) = 3*q**2 + 1 - 4*q**2 + q + 2*q**x - 3. Give m(0).
-2
Suppose -7*n = -15 - 20. Let q(z) = 0 - 3*z + 2*z + 1. Calculate q(n).
-4
Let n = -1621 - -1595. Let a(h) = -h**3 - 27*h**2 - 25*h + 21. Calculate a(n).
-5
Let o(b) = -33*b**2 + 12*b + 71*b**2 + 11 - 37*b**2 - 1. Calculate o(-10).
-10
Suppose -4*c + 35 = -c - 4*n, -5 = n. Let i(g) = 4*g**2 - 3*g + 4. Let u(f) = f**3 - 5*f**2 + 4*f - 5. Let r(x) = c*u(x) + 6*i(x). Give r(1).
5
Let b(z) be the third derivative of -7*z**4/24 + z**3/2 + 8*z**2. Let w(i) = 3*i - 1. Let h(t) = -2*b(t) - 5*w(t). What is h(5)?
-6
Let l(p) be the third derivative of -6*p**2 - 1/12*p**4 + 0 + 0*p + 0*p**3. Let v(n) = -n - 1. Let f be v(-3). Determine l(f).
-4
Let q(z) = 2*z**3 + z**2 - 1. Suppose y + 3*y - 4 = 0. Let m be q(y). Let j(x) = -m*x - 5 + 8 - 3. What is j(-4)?
8
Let h(r) = 7482*r + 1 - r**3 - 2494*r - 2501*r - 2486*r. Suppose 5 = 2*o + 1. Calculate h(o).
-5
Let c = -76 + 82. Let n(w) = w**3 - 8*w**2 + 9*w - 4. Calculate n(c).
-22
Let t(r) = -2833 + 3*r + 2833. Let y be 15/20*24/9. What is t(y)?
6
Let q(u) = -u**3 - 5*u**2 + 3*u - 3. Suppose 4*f - f - 3 = 0, -21 = 4*n - f. Give q(n).
-18
Let f(j) = -43 - 19*j + 73 - 2*j**2 - 35. Give f(-8).
19
Let k(y) = y**2 + 6*y. Let i(s) = -s**3 - 10*s**2 + 10*s - 17. Suppose -5*z - 46 = 3*l, 6*z + 5*l - 37 = 8*z. Let m be i(z). What is k(m)?
0
Let k(l) = 5*l - 3*l**2 + 13*l**2 + 2 - 4*l**2 - 5*l**2 + l. Suppose 6*u = 4*u. Let v = u - 4. What is k(v)?
-6
Let j = -265 + 267. Let p(k) = 3. Let b(g) = g + 3. Let o(n) = -3*b(n) + 3*p(n). Determine o(j).
-6
Let r(i) = -i**3 + 14*i**2 + 32*i + 2. Let d be r(16). Let p(z) = -z + 2*z - 1 - 5*z + z**2. Give p(d).
-5
Let i(u) = -u**3 - 6*u**2 - 3*u + 2. Let m be -5 + (6/(-5))/((-64)/160). Determine i(m).
-8
Let d(r) = -r. Let m = 208 - 215. What is d(m)?
7
Let j(c) = -22 - 27 + 0*c + 0*c + 2*c + 39. Give j(-8).
-26
Suppose 4*s = -0 + 8. Let y(m) = -2 - m - 4*m - 3*m + 5*m - m. Give y(s).
-10
Let f(p) = -3 + 0 - 2 + p. Let w be 4 + (-16)/(-4) + -2. Let v be (-2 + 4)/(15/w + -2). What is f(v)?
-1
Let v be (6/(-12))/(2/(-12)) - 0. Let t(y) = -7*y - 4. Let m(i) = 7*i + 5. Let g(s) = v*m(s) + 4*t(s). Let j = -1 - 0. Give g(j).
6
Let v(u) be the second derivative of -2 - 1/6*u**4 + u + 1/20*u**5 - 1/2*u**2 + 0*u**3. Determine v(3).
8
Let l(y) = 21*y**2 + y - 9. Let r(k) = 68*k**2 + 4*k - 28. Let u(t) = 16*l(t) - 5*r(t). What is u(-2)?
-12
Let t(f) be the first derivative of -3*f**2/2 - 3*f + 1. Let c = 13 + -16. Let w be (c + (0 - -2))/((-1)/(-3)). Calculate t(w).
6
Let d(n) be the third derivative of 0 + 0*n + 21*n**2 - 1/60*n**5 + 7/2*n**3 + 0*n**4. Give d(0).
21
Let h(m) = m + 8. Let f(y) = -10*y - 95. Let n(b) = -3*f(b) - 35*h(b). Determine n(2).
-5
Let u = -31 + 26. Let f(b) be the first derivative of b**2/2 + 5*b - 54. Determine f(u).
0
Let s(v) = v**3 + v - 6. Suppose -3*w + 2*c + 14 = 0, 2*c - 20 = -2*c. Suppose n + w = x - n, -5*x - 4*n = 16. Determine s(x).
-6
Let l(r) = 8*r**3 - r**2 - 2*r + 1. Suppose 548*s = 542*s + 12. Give l(s).
57
Let x(f) be the third derivative of -f**5/60 - 5*f**4/24 - f**3/2 - 1032*f**2. Suppose 2*k - 12 = 5*k. Determine x(k).
1
Suppose -30*y - 9 = -31*y. Let t(m) = -3*m + 11*m - y*m. What is t(1)?
-1
Let b(f) = -6 + 0 + 8*f**2 + 3 - 2*f - 4 - 7*f**2. Determine b(0).
-7
Suppose 3*s + 21 = 2*b, 2*s + 179 - 149 = 4*b. Let i(w) be the second derivative of 3*w + 0 - b*w**2 - 1/3*w**3. Give i(-8).
4
Suppose -3*u - 4*v - 16 = 0, 4*v = -4*u - 29 + 5. Let w(s) = 4*s + 8. Determine w(u).
-24
Let m(z) = -z**2 + 2*z + 3. Let n(a) = -a - 1. Let i(s) = -m(s) + n(s). Suppose 0 = 3*j - 4*o - 5 - 0, -j + 2*o + 1 = 0. Calculate i(j).
-4
Let a = 29 - 18. Let z = 11 - a. Let r(x) be the first derivative of x**3/3 - 4*x - 1. Determine r(z).
-4
Let t(f) = 1 - 4*f - 8 + 7 + 2. Suppose 7*o + 15 = 2*o. Let g be o/(0 - (-3)/(-2)). What is t(g)?
-6
Let y be (-4